w**2 + 22*w - 1. Let k(c) = -c**3 + 7*c**2 - 8*c. Let a(h) = 11*k(h) + 4*m(h). What is a(11)?
-4
Suppose 0 = 5*g + g - 30. Suppose 5*n = -g*r - 15, -2*n + 9 = -5*n. Let c(l) = -l - 14. Determine c(r).
-14
Let u(w) be the third derivative of -w**5/60 - w**4/4 - 2*w**3/3 - 86*w**2. Determine u(-5).
1
Suppose 21 = k + 2*k - 5*y, -y - 11 = -4*k. Let p(a) be the first derivative of -2*a - 12 - 1/2*a**2. Give p(k).
-4
Let v be 4/10 + 264/(-60). Let j(z) = 5*z + 5. Let q(a) = 6*a + 6. Let t(d) = v*q(d) + 5*j(d). Calculate t(5).
6
Suppose -9 = 5*z - 69. Let x = -8 + z. Let u(c) = x*c - 3 - 3*c - 2*c - 5. What is u(-7)?
-1
Suppose a = -0*k + 3*k + 22, -2*k - 5*a = 9. Let j(l) = -3*l**3 - 6*l**2 - 7*l - 4. Let d(p) = p**3 - p**2 + 1. Let o(f) = -2*d(f) - j(f). Determine o(k).
2
Let f = -211 + 147. Let w = 55 + f. Let i(s) = s**3 + 8*s**2 - 10*s - 7. Determine i(w).
2
Let f(p) be the first derivative of -1/4*p**4 - 7/3*p**3 + 1 + p**2 + 9*p. Determine f(-7).
-5
Let b(d) = -13 + 2*d**2 - d**2 - 14*d - 5*d**2 + 3*d**2 + 2*d**2. Calculate b(10).
-53
Let x(h) be the third derivative of h**5/15 - h**4/24 + 145*h**2 + 3*h. Let v(p) = p - 8. Let u be v(6). What is x(u)?
18
Suppose -2*q + 74 = 3*c - 6*q, -28 = -c + 2*q. Suppose -3*y - c = -3. Let f(o) = o**3 + 4*o**2 - 4*o. Give f(y).
-5
Let u(v) = -v**3 + 7*v**2 - 4*v + 4. Let j be ((-40)/16)/((-1)/2). Determine u(j).
34
Suppose -4*x + 6 = -0*i + i, -3*i = -5*x + 33. Let b(g) = g**2 + 6*g + 4. Give b(i).
4
Let s(m) = -m**2 + 10*m - 12. Let d be s(9). Let p(x) = 5*x**2 - 22*x**3 - 3*x**2 + 21*x**3 + 4 - 3*x**2 + 2*x. Give p(d).
16
Let x(n) = -2*n + 4. Let t = 175 - 169. What is x(t)?
-8
Let w(g) be the first derivative of -1/4*g**4 - 9 - 2*g - 3/2*g**2 - 5/3*g**3. Give w(-3).
-11
Suppose 4*i = 2*i + 38. Suppose 4*h - 1 = 9*h + 4*a, 0 = h - 4*a - i. Let w(v) = 0*v**2 - 7 + 12*v**2 - 6*v - 8*v**2 - h*v**2. What is w(6)?
-7
Let v be 4/10 + 16/10. Let q(z) = 2*z + 3. Let s(x) = 4*x + 7. Let h(b) = -5*q(b) + 2*s(b). Calculate h(v).
-5
Let z(t) be the second derivative of -t**3/2 + 5*t**2/2 - 431*t. Give z(4).
-7
Let t = 19 - -6. Let n = -22 + t. Let i(r) = -4 - 7*r + 4*r**3 + 4*r + 7*r**2 - 5*r**n - 2*r**2. Determine i(3).
5
Let y(v) = 5*v**3 + 1. Let u(p) = -p**2 + 7*p - 13. Let b be u(3). Determine y(b).
-4
Let h(g) = -7*g + 7. Suppose 0 = 16*n - 89 + 41. What is h(n)?
-14
Let f be 0*(6/(-3) - -3). Let w(x) be the second derivative of -x**5/120 + x**4/3 + 4*x**3/3 - 7*x. Let u(j) be the second derivative of w(j). What is u(f)?
8
Let g(q) = 5*q - 7. Let b = 1 + 4. Let d(w) = -12*w. Let z(y) = -11*y + 1. Let k(p) = b*d(p) - 6*z(p). Let v(x) = 7*g(x) - 6*k(x). What is v(-6)?
-7
Let x be (-31)/7 + 3/7. Let a be (x/(-6))/(8/(-144)). Let p(i) = i**3 + 11*i**2 - 12*i + 5. Let d be p(a). Let b(c) = c**2 - 2*c - 7. Determine b(d).
8
Let c(q) = 6*q**3 - 44*q**2 + 15*q - 32. Let n(x) = x**3 - 4*x**2 + 1. Let d(y) = c(y) - 7*n(y). What is d(-17)?
-5
Let m(t) = -2*t + 10*t + 2 + 0*t. Give m(-1).
-6
Let s(n) = 3*n**2 - 4*n - 1. Let m(v) = -3*v - 15. Let q be m(-6). Suppose 3*c + 0*c = 4*r - q, -5*c + 27 = 4*r. Calculate s(r).
14
Let n(y) = 29*y - 145. Let l be n(5). Let p(u) be the second derivative of -1/6*u**3 + l - 1/12*u**4 - u**2 - 4*u. Give p(-2).
-4
Let g(k) = 86*k + 2. Let b be g(1). Let q be (b/(-55))/(2/5). Let u(s) = 4*s + 5. Determine u(q).
-11
Let s(t) be the third derivative of t**8/6720 + t**7/420 + t**5/30 - t**4/12 + 4*t**3/3 - t**2 + 44*t. Let b(o) be the second derivative of s(o). Give b(-6).
4
Let o(f) = 3*f - 3. Let z(c) = c**2 - 9*c + 10. Let p be ((-32)/10)/(18/(-45)). Let n be z(p). Determine o(n).
3
Let x be (2 + -1)/(4 - 5). Let z(w) = 39300*w**2 + 5*w**3 - 1 - 19653*w**2 - 2*w - 19649*w**2. Calculate z(x).
-6
Let g(c) = -44 + 4*c + 48 - 9*c + 6*c. Calculate g(-12).
-8
Let l(n) = n**3 - 15*n**2 + 13*n + 17. Let b be l(14). Let r(d) = 3*d + d**b - 3*d**2 - 3*d - 3*d. Calculate r(4).
4
Let l(c) = 4*c**3 + 1. Suppose 4 = -2*i, 3*i = 4*u - 9*u + 39. Let r = u - 7. Let z be (6/(-12))/(r/4). Determine l(z).
-3
Suppose 0 = 2*j + 3*j + 5. Let n(t) = t**2 - t. Let m(y) = 6*y**3 - 4*y**2 + 4*y + 1. Let w(b) = m(b) + 4*n(b). What is w(j)?
-5
Let j(t) = -t**2 - 6*t + 30. Let k be j(-9). Let v(h) = h**2. Let a(l) = 2*l**2 - 3*l + 1. Let r(b) = a(b) - v(b). Give r(k).
1
Let p(w) = -1 - 2*w + 0 - 2*w. Let h(m) be the second derivative of -m**3/6 + 7*m**2/2 - 2*m. Let a be h(6). Give p(a).
-5
Let k(q) = -2*q - 14. Let f(r) = r + 1. Let o(x) = -3*f(x) - k(x). Let b = -9 - -14. Determine o(b).
6
Let t(o) = -4*o**2 - 2*o - 1. Let l(b) = -7*b**2 - 3. Let f(k) = -l(k) + 2*t(k). Calculate f(-6).
-11
Let a be (-14)/(-4)*80/28. Let u(x) = a*x - x - 6*x - 3. Calculate u(2).
3
Suppose -40 = -13*y + 21*y. Let s(n) = -n**2 - 5*n - 7. Determine s(y).
-7
Let d(u) = 5*u**3 + u**2 - 6*u. Let h(v) be the first derivative of v**4/4 + v**3/3 + v + 1. Let i(y) = d(y) - 6*h(y). Let w = -97 + 93. Determine i(w).
2
Let x(l) = -2*l + 1 + 4*l + l**2 + l**3 + 4*l**3. Determine x(-1).
-5
Let m(v) = -5*v + 9*v**2 + 59 - 8*v**2 - 56. Determine m(4).
-1
Let v(z) be the second derivative of -1/24*z**4 + 0 - 7/120*z**5 + 5*z + 0*z**2 + 7/6*z**3. Let c(w) be the second derivative of v(w). Give c(-1).
6
Let b(d) = -d**3 + 6*d**2 + 2*d + 4. Let l(n) = -n**2 + 12*n + 6. Suppose 0 = -6*v + 14 + 58. Let y be l(v). Calculate b(y).
16
Let q(u) be the third derivative of -u**4/12 + 5*u**3/6 - 73*u**2. Determine q(-4).
13
Let r(i) be the third derivative of -i**6/360 + i**4/3 + 29*i**3/6 - 3*i**2. Let q(w) be the first derivative of r(w). What is q(0)?
8
Let o be (5 + -1)/((-2)/(-9)). Suppose 0 = s + o - 15. Let g(a) be the third derivative of a**4/8 + a**3/6 - 3*a**2. What is g(s)?
-8
Suppose -6*i = -i - 30. Let f(g) = -g + 14. Determine f(i).
8
Let g(b) = 16*b - 27. Let m be g(2). Let j(i) = -i**2 + 9*i + 13. Give j(m).
33
Suppose u - 5*j = 12, u - j + 2 - 10 = 0. Let p = 14 + -5. Let n(l) = l - p + 1 + l. What is n(u)?
6
Let d = -118 - -131. Let i(b) = -5*b**2 - 12*b - 2. Let v(m) = 11*m**2 + 25*m + 3. Let q(k) = d*i(k) + 6*v(k). Determine q(7).
-1
Let z(l) = -2*l**2 + 8*l - 4. Let q be z(4). Let f(p) = 15*p**2. Let u be f(-1). Let a(d) = 5 + 5 + 4 - d - u. Calculate a(q).
3
Let m(p) = 102*p - 2. Let c(o) = 172*o - 3. Let f(s) = 3*c(s) - 5*m(s). Let v = 1 + -2. What is f(v)?
-5
Let v = -53 - -52. Let z(h) = 8 + 1 + 21*h - 11 + 3. What is z(v)?
-20
Let a(h) = h**2 + 2*h + 6. Let f be a(-5). Suppose 0 = 4*j + y + 11, -2*j - 5*y = j + f. Let r(i) be the first derivative of -i**2/2 - 4*i + 4. Calculate r(j).
-2
Let h(c) = 4*c + 15. Let l(g) = 6*g + 24. Let b(o) = 5*h(o) - 3*l(o). Let y(a) = -a**3 - 2*a**2 + 5*a + 4. Let q be y(-3). Calculate b(q).
-1
Let s(c) = -6 + 0 + 5110*c - 5109*c. Give s(-5).
-11
Suppose 0 = 12*m - 46 - 50. Let h(b) be the first derivative of m - 5*b + 3*b**2 + 1/3*b**3. Calculate h(-6).
-5
Let a be (-3)/5 + (-30)/(-50). Let f be 1*(-6)/(a - -2). Let t(v) = v**3 + 3*v**2 + 3*v + 3. Let z be t(f). Let u(c) = -c**2 - 7*c + 4. Calculate u(z).
10
Let y(i) = 7*i**3 + 2*i**2 - 4*i + 8. Let r(p) = -p**3 - 2. Let k(j) = -6*r(j) - y(j). Let v be (-2)/(-5) + 17/(-5). Give k(v).
1
Let b(x) = 7*x**2 + 6*x + 7. Let i(u) = u**2 + u + 1. Let r(t) = b(t) - 6*i(t). Suppose -2*d = -4*m - 12, 5*m - 71*d + 15 = -70*d. Determine r(m).
10
Let f(v) = 7 + 10 - 2707*v - v**2 - 4 + 2702*v. Calculate f(-7).
-1
Let f = 35 + -18. Let u = f + -17. Let i(y) = 2*y - 3 + 0 + u. Determine i(-3).
-9
Let a = -5 + 2. Suppose r = -7*r + 64. Let x(z) = 1 + 3*z**2 + 6*z**2 - r*z**2. Give x(a).
10
Suppose b = 4*b - 9. Suppose w - 20 = -b*w. Let n(p) = 9*p**2 + 6*p - 33. Let f(d) = -4*d**2 - 2*d + 15. Let j(g) = -7*f(g) - 3*n(g). What is j(w)?
-1
Let k(u) = -4*u**2 - 5*u - 4. Let c(a) = -3*a**2 - 5*a - 3. Let r(o) = 5*c(o) - 4*k(o). Let d be (12/8)/((-2)/(-4)). Determine r(d).
-5
Let g(k) = -3*k + 4 + k**2 - k**3 - k**3 + 3*k**3. Let x be g(-3). Let j(u) = -4*u + 256 + u - 253. What is j(x)?
18
Let m(u) = u**3 + 21*u**2. Suppose z + 59 = -3*d, -25*d + 88 = -29*d + z. What is m(d)?
0
Let h be 0*-4*(-4)/32. Suppose h = 3*u - 7*u + 12. Let z(m) be the first derivative of -3*m**2/2 + 4*m + 2. Determine z(u).
-5
Let j(x) be the first derivative of -x**3/3 + 5*x**2/2 - 2*x + 502. 